s the millions digit of 3238380?
3
What is the units digit of 1996620?
0
What is the hundred thousands digit of 518895?
5
What is the hundreds digit of 437386?
3
What is the tens digit of 327921?
2
What is the millions digit of 2932439?
2
What is the hundreds digit of 1560440?
4
What is the units digit of 47285?
5
What is the ten thousands digit of 199941?
9
What is the hundreds digit of 34500?
5
What is the hundred thousands digit of 26760921?
7
What is the millions digit of 4012107?
4
What is the ten thousands digit of 315947?
1
What is the hundred thousands digit of 8947951?
9
What is the ten thousands digit of 589192?
8
What is the hundreds digit of 2616239?
2
What is the hundreds digit of 207215?
2
What is the millions digit of 13640072?
3
What is the units digit of 265317?
7
What is the tens digit of 337475?
7
What is the ten thousands digit of 2428832?
2
What is the ten thousands digit of 382108?
8
What is the hundred thousands digit of 2621174?
6
What is the units digit of 5206098?
8
What is the tens digit of 74894?
9
What is the hundred thousands digit of 839777?
8
What is the ten thousands digit of 34775523?
7
What is the hundred thousands digit of 314507?
3
What is the ten thousands digit of 349651?
4
What is the ten thousands digit of 250784?
5
What is the hundred thousands digit of 7223243?
2
What is the hundred thousands digit of 493805?
4
What is the thousands digit of 265209?
5
What is the hundreds digit of 38279?
2
What is the thousands digit of 2200391?
0
What is the units digit of 321115?
5
What is the thousands digit of 356810?
6
What is the units digit of 115273?
3
What is the ten thousands digit of 27064840?
6
What is the ten thousands digit of 235952?
3
What is the tens digit of 180043?
4
What is the hundred thousands digit of 255468?
2
What is the ten thousands digit of 158924?
5
What is the ten thousands digit of 2086422?
8
What is the millions digit of 4557298?
4
What is the hundreds digit of 407788?
7
What is the units digit of 8043831?
1
What is the ten thousands digit of 3326299?
2
What is the hundred thousands digit of 335074?
3
What is the units digit of 66949?
9
What is the thousands digit of 1912768?
2
What is the units digit of 14807962?
2
What is the tens digit of 4660794?
9
What is the thousands digit of 18925615?
5
What is the hundreds digit of 254484?
4
What is the ten thousands digit of 4414728?
1
What is the thousands digit of 20141?
0
What is the hundred thousands digit of 17833926?
8
What is the thousands digit of 1117277?
7
What is the hundreds digit of 1872686?
6
What is the tens digit of 810152?
5
What is the units digit of 83602?
2
What is the units digit of 3387831?
1
What is the units digit of 1629035?
5
What is the hundreds digit of 1125307?
3
What is the hundreds digit of 163735?
7
What is the hundreds digit of 1266415?
4
What is the tens digit of 4804852?
5
What is the tens digit of 94764?
6
What is the millions digit of 2760935?
2
What is the hundred thousands digit of 6164007?
1
What is the thousands digit of 8910140?
0
What is the ten thousands digit of 399903?
9
What is the millions digit of 3754560?
3
What is the thousands digit of 123182?
3
What is the hundred thousands digit of 177311?
1
What is the millions digit of 12106280?
2
What is the hundreds digit of 9488150?
1
What is the thousands digit of 3298706?
8
What is the units digit of 119218?
8
What is the hundred thousands digit of 3543934?
5
What is the thousands digit of 2246289?
6
What is the ten thousands digit of 308924?
0
What is the units digit of 172289?
9
What is the ten thousands digit of 1717875?
1
What is the millions digit of 6802124?
6
What is the hundreds digit of 456833?
8
What is the units digit of 403395?
5
What is the hundred thousands digit of 627549?
6
What is the units digit of 638637?
7
What is the ten thousands digit of 243751?
4
What is the tens digit of 74716?
1
What is the ten thousands digit of 3010803?
1
What is the units digit of 317463?
3
What is the thousands digit of 7902754?
2
What is the units digit of 7770973?
3
What is the tens digit of 467522?
2
What is the tens digit of 2492691?
9
What is the ten thousands digit of 5343960?
4
What is the units digit of 678406?
6
What is the tens digit of 239066?
6
What is the thousands digit of 102586?
2
What is the ten millions digit of 20247792?
2
What is the thousands digit of 2659243?
9
What is the tens digit of 1632678?
7
What is the ten thousands digit of 240240?
4
What is the hundred thousands digit of 4226554?
2
What is the ten thousands digit of 28709854?
0
What is the tens digit of 450976?
7
What is the thousands digit of 685910?
5
What is the tens digit of 3964567?
6
What is the hundred thousands digit of 1174039?
1
What is the thousands digit of 8898360?
8
What is the hundreds digit of 5670014?
0
What is the tens digit of 3653448?
4
What is the tens digit of 447441?
4
What is the millions digit of 1238754?
1
What is the thousands digit of 91074?
1
What is the ten thousands digit of 1956924?
5
What is the hundred thousands digit of 3319784?
3
What is the hundreds digit of 1779370?
3
What is the ten millions digit of 30162781?
3
What is the hundreds digit of 9217791?
7
What is the thousands digit of 116812?
6
What is the units digit of 85518?
8
What is the millions digit of 4742138?
4
What is the tens digit of 1315723?
2
What is the thousands digit of 22047014?
7
What is the hundred thousands digit of 4470144?
4
What is the hundreds digit of 1900514?
5
What is the units digit of 710653?
3
What is the ten thousands digit of 7269209?
6
What is the units digit of 546599?
9
What is the units digit of 629586?
6
What is the hundreds digit of 4219278?
2
What is the units digit of 145508?
8
What is the hundred thousands digit of 19703140?
7
What is the tens digit of 6219577?
7
What is the thousands digit of 106284?
6
What is the millions digit of 4092718?
4
What is the units digit of 579411?
1
What is the tens digit of 124115?
1
What is the tens digit of 857997?
9
What is the hundreds digit of 1103046?
0
What is the thousands digit of 1297531?
7
What is the tens digit of 9930813?
1
What is the ten thousands digit of 1653982?
5
What is the tens digit of 525199?
9
What is the units digit of 441578?
8
What is the hundred thousands digit of 4072948?
0
What is the millions digit of 8431920?
8
What is the ten thousands digit of 2448164?
4
What is the tens digit of 27432088?
8
What is the hundred thousands digit of 575723?
5
What is the tens digit of 8285691?
9
What is the hundreds digit of 2248770?
7
What is the millions digit of 8546826?
8
What is the hundreds digit of 268620?
6
What is the ten thousands digit of 3305670?
0
What is the units digit of 598824?
4
What is the hundreds digit of 1620739?
7
What is the units digit of 438653?
3
What is the tens digit of 76071?
7
What is the hundred thousands digit of 183765?
1
What is the units digit of 10958936?
6
What is the tens digit of 1274905?
0
What is the thousands digit of 501859?
1
What is the hundreds digit of 2309192?
1
What is the thousands digit of 65219?
5
What is the ten millions digit of 10893558?
1
What is the thousands digit of 333946?
3
What is the units digit of 1237108?
8
What is the hundred thousands digit of 329150?
3
What is the ten thousands digit of 210340?
1
What is the hundreds digit of 3985645?
6
What is the ten thousands digit of 8861187?
6
What is the units digit of 1210388?
8
What is the ten thousands digit of 192469?
9
What is the ten thousands digit of 10074854?
7
What is the thousands digit of 1546441?
6
What is the hundred thousands digit of 4575909?
5
What is the thousands digit of 617392?
7
What is the millions digit of 1737732?
1
What is the hundred thousands digit of 568280?
5
What is the hundreds digit of 302579?
5
What is the units digit of 457739?
9
What is the hundred thousands digit of 121931?
1
What is the tens digit of 545031?
3
What is the hundreds digit of 7188455?
4
What is the hundreds digit of 25274846?
8
What is the thousands digit of 814300?
4
What is the thousands digit of 3496311?
6
What is the tens digit of 4080316?
1
What is the hundred thousands digit of 1738236?
7
What is the ten thousands digit of 6957595?
5
What is the tens digit of 248799?
9
What is the h